{"version":"1.0","provider_name":"eTIC Federation","provider_url":"https:\/\/etic-federation.eu\/en","author_name":"admin5594","author_url":"https:\/\/etic-federation.eu\/en\/author\/admin5594\/","title":"Consultation sur le socle social Europ\u00e9en - eTIC Federation","type":"rich","width":600,"height":338,"html":"<blockquote class=\"wp-embedded-content\" data-secret=\"22pSt8MkZj\"><a href=\"https:\/\/etic-federation.eu\/en\/consultation-sur-le-socle-social-europeen\/\">Contributions to the European Pillar of Social Rights<\/a><\/blockquote><iframe sandbox=\"allow-scripts\" security=\"restricted\" src=\"https:\/\/etic-federation.eu\/en\/consultation-sur-le-socle-social-europeen\/embed\/#?secret=22pSt8MkZj\" width=\"600\" height=\"338\" title=\"&#8220;Consultation sur le socle social Europ\u00e9en&#8221; &#8212; eTIC Federation\" data-secret=\"22pSt8MkZj\" frameborder=\"0\" marginwidth=\"0\" marginheight=\"0\" scrolling=\"no\" class=\"wp-embedded-content\"><\/iframe><script>\n\/*! This file is auto-generated *\/\n!function(d,l){\"use strict\";l.querySelector&&d.addEventListener&&\"undefined\"!=typeof URL&&(d.wp=d.wp||{},d.wp.receiveEmbedMessage||(d.wp.receiveEmbedMessage=function(e){var t=e.data;if((t||t.secret||t.message||t.value)&&!\/[^a-zA-Z0-9]\/.test(t.secret)){for(var s,r,n,a=l.querySelectorAll('iframe[data-secret=\"'+t.secret+'\"]'),o=l.querySelectorAll('blockquote[data-secret=\"'+t.secret+'\"]'),c=new RegExp(\"^https?:$\",\"i\"),i=0;i<o.length;i++)o[i].style.display=\"none\";for(i=0;i<a.length;i++)s=a[i],e.source===s.contentWindow&&(s.removeAttribute(\"style\"),\"height\"===t.message?(1e3<(r=parseInt(t.value,10))?r=1e3:~~r<200&&(r=200),s.height=r):\"link\"===t.message&&(r=new URL(s.getAttribute(\"src\")),n=new URL(t.value),c.test(n.protocol))&&n.host===r.host&&l.activeElement===s&&(d.top.location.href=t.value))}},d.addEventListener(\"message\",d.wp.receiveEmbedMessage,!1),l.addEventListener(\"DOMContentLoaded\",function(){for(var e,t,s=l.querySelectorAll(\"iframe.wp-embedded-content\"),r=0;r<s.length;r++)(t=(e=s[r]).getAttribute(\"data-secret\"))||(t=Math.random().toString(36).substring(2,12),e.src+=\"#?secret=\"+t,e.setAttribute(\"data-secret\",t)),e.contentWindow.postMessage({message:\"ready\",secret:t},\"*\")},!1)))}(window,document);\n<\/script>","thumbnail_url":"https:\/\/etic-federation.eu\/wp-content\/uploads\/2021\/04\/BlobServlet.jpeg","thumbnail_width":1200,"thumbnail_height":628,"description":"eTIC,&nbsp;partenaire social europ\u00e9en et porteur de l\u2019aspiration d\u2019un certain nombre de citoyens de l\u2019UE participe depuis le d\u00e9but aux travaux propos\u00e9s dans le cadre du Socle Europ\u00e9en des Droits Sociaux. Dans le contexte du Brexit et de la post-pand\u00e9mie CoVid19, eTIC apportera sa contribution pour relever les d\u00e9fis de la relance et de la double [&hellip;]"}

Consultation sur le socle social Européen - eTIC Federation

<blockquote class="wp-embedded-content" data-secret="22pSt8MkZj"><a href="https://etic-federation.eu/en/consultation-sur-le-socle-social-europeen/">Contributions to the European Pillar of Social Rights</a></blockquote><iframe sandbox="allow-scripts" security="restricted" src="https://etic-federation.eu/en/consultation-sur-le-socle-social-europeen/embed/#?secret=22pSt8MkZj" width="600" height="338" title="&#8220;Consultation sur le socle social Européen&#8221; &#8212; eTIC Federation" data-secret="22pSt8MkZj" frameborder="0" marginwidth="0" marginheight="0" scrolling="no" class="wp-embedded-content"></iframe><script>
/*! This file is auto-generated */
!function(d,l){"use strict";l.querySelector&&d.addEventListener&&"undefined"!=typeof URL&&(d.wp=d.wp||{},d.wp.receiveEmbedMessage||(d.wp.receiveEmbedMessage=function(e){var t=e.data;if((t||t.secret||t.message||t.value)&&!/[^a-zA-Z0-9]/.test(t.secret)){for(var s,r,n,a=l.querySelectorAll('iframe[data-secret="'+t.secret+'"]'),o=l.querySelectorAll('blockquote[data-secret="'+t.secret+'"]'),c=new RegExp("^https?:$","i"),i=0;i<o.length;i++)o[i].style.display="none";for(i=0;i<a.length;i++)s=a[i],e.source===s.contentWindow&&(s.removeAttribute("style"),"height"===t.message?(1e3<(r=parseInt(t.value,10))?r=1e3:~~r<200&&(r=200),s.height=r):"link"===t.message&&(r=new URL(s.getAttribute("src")),n=new URL(t.value),c.test(n.protocol))&&n.host===r.host&&l.activeElement===s&&(d.top.location.href=t.value))}},d.addEventListener("message",d.wp.receiveEmbedMessage,!1),l.addEventListener("DOMContentLoaded",function(){for(var e,t,s=l.querySelectorAll("iframe.wp-embedded-content"),r=0;r<s.length;r++)(t=(e=s[r]).getAttribute("data-secret"))||(t=Math.random().toString(36).substring(2,12),e.src+="#?secret="+t,e.setAttribute("data-secret",t)),e.contentWindow.postMessage({message:"ready",secret:t},"*")},!1)))}(window,document);
</script>

eTIC,&nbsp;partenaire social européen et porteur de l’aspiration d’un certain nombre de citoyens de l’UE participe depuis le début aux travaux proposés dans le cadre du Socle Européen des Droits Sociaux. Dans le contexte du Brexit et de la post-pandémie CoVid19, eTIC apportera sa contribution pour relever les défis de la relance et de la double [&hellip;]
