{"version":"1.0","provider_name":"eTIC Federation","provider_url":"https:\/\/etic-federation.eu\/en","author_name":"admin5594","author_url":"https:\/\/etic-federation.eu\/en\/author\/admin5594\/","title":"Le printemps d'eTIC : rencontres avec nos membres - eTIC Federation","type":"rich","width":600,"height":338,"html":"<blockquote class=\"wp-embedded-content\" data-secret=\"Qg38OB9UL7\"><a href=\"https:\/\/etic-federation.eu\/en\/le-printemps-detic-rencontres-avec-nos-membres\/\">eTIC Spring: meetings with our members<\/a><\/blockquote><iframe sandbox=\"allow-scripts\" security=\"restricted\" src=\"https:\/\/etic-federation.eu\/en\/le-printemps-detic-rencontres-avec-nos-membres\/embed\/#?secret=Qg38OB9UL7\" width=\"600\" height=\"338\" title=\"&#8220;Le printemps d&rsquo;eTIC : rencontres avec nos membres&#8221; &#8212; eTIC Federation\" data-secret=\"Qg38OB9UL7\" frameborder=\"0\" marginwidth=\"0\" marginheight=\"0\" scrolling=\"no\" class=\"wp-embedded-content\"><\/iframe><script>\n\/*! This file is auto-generated *\/\n!function(d,l){\"use strict\";l.querySelector&&d.addEventListener&&\"undefined\"!=typeof URL&&(d.wp=d.wp||{},d.wp.receiveEmbedMessage||(d.wp.receiveEmbedMessage=function(e){var t=e.data;if((t||t.secret||t.message||t.value)&&!\/[^a-zA-Z0-9]\/.test(t.secret)){for(var s,r,n,a=l.querySelectorAll('iframe[data-secret=\"'+t.secret+'\"]'),o=l.querySelectorAll('blockquote[data-secret=\"'+t.secret+'\"]'),c=new RegExp(\"^https?:$\",\"i\"),i=0;i<o.length;i++)o[i].style.display=\"none\";for(i=0;i<a.length;i++)s=a[i],e.source===s.contentWindow&&(s.removeAttribute(\"style\"),\"height\"===t.message?(1e3<(r=parseInt(t.value,10))?r=1e3:~~r<200&&(r=200),s.height=r):\"link\"===t.message&&(r=new URL(s.getAttribute(\"src\")),n=new URL(t.value),c.test(n.protocol))&&n.host===r.host&&l.activeElement===s&&(d.top.location.href=t.value))}},d.addEventListener(\"message\",d.wp.receiveEmbedMessage,!1),l.addEventListener(\"DOMContentLoaded\",function(){for(var e,t,s=l.querySelectorAll(\"iframe.wp-embedded-content\"),r=0;r<s.length;r++)(t=(e=s[r]).getAttribute(\"data-secret\"))||(t=Math.random().toString(36).substring(2,12),e.src+=\"#?secret=\"+t,e.setAttribute(\"data-secret\",t)),e.contentWindow.postMessage({message:\"ready\",secret:t},\"*\")},!1)))}(window,document);\n<\/script>","thumbnail_url":"https:\/\/etic-federation.eu\/wp-content\/uploads\/2021\/03\/cec-scaled.jpg","thumbnail_width":2560,"thumbnail_height":1439,"description":"\u00ab&nbsp;Unis dans notre diversit\u00e9, partageons ce qui nous unit&nbsp;!&nbsp;\u00bb Malgr\u00e9 un d\u00e9veloppement rapide, fid\u00e8le \u00e0 ses valeurs et convictions, la f\u00e9d\u00e9ration eTIC souhaite prendre le temps d\u2019accueillir ses nouveaux adh\u00e9rents. C\u2019est un plaisir partag\u00e9, donnant lieu \u00e0 un travail fructueux. Dans le cadre de ce \u00ab&nbsp;Printemps d\u2019eTIC 2021&nbsp;\u00bb, la f\u00e9d\u00e9ration organise de nombreux \u00e9changes en [&hellip;]"}

«&nbsp;Unis dans notre diversité, partageons ce qui nous unit&nbsp;!&nbsp;» Malgré un développement rapide, fidèle à ses valeurs et convictions, la fédération eTIC souhaite prendre le temps d’accueillir ses nouveaux adhérents. C’est un plaisir partagé, donnant lieu à un travail fructueux. Dans le cadre de ce «&nbsp;Printemps d’eTIC 2021&nbsp;», la fédération organise de nombreux échanges en [&hellip;]
